(z) + 5*v(z). Is c(-4) a multiple of 17?
True
Does 44 divide 8*((-826056)/16)/(-21)?
True
Is 15 a factor of (-10826222)/(-1769) + (-16)/(-488)?
True
Let q = 330 - -122. Is q a multiple of 11?
False
Let s(q) be the first derivative of -q**4/4 - 11*q**3/3 + 7*q**2/2 + 1. Suppose 81 = -23*c - 195. Does 10 divide s(c)?
True
Let y(h) = 2*h**3 + 32*h**2 + 70*h - 67. Let r(k) = -k**3 - 16*k**2 - 35*k + 33. Let b(m) = -7*r(m) - 3*y(m). Is b(-13) even?
True
Let d(q) = -51*q - 63. Let f be (-2)/8 + (5 - 110/8). Is d(f) a multiple of 33?
True
Let j be ((-6)/(-15))/(3/38850*-2). Suppose -4*s + 2*q + 6 = -0*q, 2 = -3*s - 5*q. Does 24 divide j/(-28)*(s + 1)?
False
Does 66 divide -74 - -6098 - (3 + 8)?
False
Suppose 3*w + 48 = 5*s, 18*s + 38 = 22*s - 2*w. Suppose -6*b + 10560 = s*b. Is 22 a factor of b?
True
Is (213/(-3))/(3 + 1924/(-637)) a multiple of 76?
False
Suppose -224*x = 3*o - 226*x - 70482, -5*o + 4*x = -117474. Is 145 a factor of o?
True
Is -11 + 56/14 + 2072 a multiple of 12?
False
Let g be 2668/20 - 12/30. Let h = 773 - g. Does 10 divide h?
True
Is 2 a factor of (-134)/(-2479) + 63414/74?
False
Suppose 35*q - 86843 = 44407. Is q a multiple of 25?
True
Let r be (-4)/1 - (0 + -4). Suppose -5*g + 15 = r, -29 - 43 = -2*o - 2*g. Is o a multiple of 3?
True
Let z(x) = 7*x**2 + 2*x - 1. Suppose 5*g - 5 = 2*h - 33, 2*g + 16 = 2*h. Does 7 divide z(h)?
True
Suppose 0 = -4*s + 3*y + 372, -24*s + 5*y = -19*s - 470. Does 90 divide s?
True
Let o = 28 - 38. Is (9/(-6))/((-30)/(-110))*o a multiple of 2?
False
Let m = 272 + 4052. Is m a multiple of 188?
True
Suppose 2*m + 2*m = 2*r + 32, -5*r = 3*m + 54. Suppose -5*p - 159 = 266. Let h = r - p. Is h a multiple of 12?
False
Suppose -2*v + 3*t = -0*v + 133, 5*v + 329 = 4*t. Let r = -61 - v. Suppose 3*u = -4*q + 280 + 562, -4*q + r*u = -828. Is q a multiple of 11?
True
Let o(d) = 4*d**2 - 4*d + 16. Let z be 1*304/12*3/(-2). Let a = -30 - z. Is o(a) a multiple of 40?
True
Let p be 92/(-16)*18*-2. Let x(v) = -103*v - 62. Let i be x(-2). Let b = p - i. Is 11 a factor of b?
False
Let g be 3178 - (1 + 2)/((-9)/9). Let h = -2177 + g. Does 108 divide h?
False
Let o be (2 - -1)/6*-1*2. Let c be (9 - 6) + o + 0. Suppose 185 + 53 = c*t. Is 15 a factor of t?
False
Is 14 a factor of (-9937 - 3)*((-4)/10)/(64/80)?
True
Suppose -3*n - 7*y + 10349 = 0, -5*n + 13572 + 3659 = 3*y. Is 53 a factor of n?
True
Suppose -5*d + 12487 = 902*c - 903*c, -5*c = -15. Does 36 divide d?
False
Suppose 3 = -3*w, 5*h + 27 = w + 228. Let a = -25 + h. Suppose -a = -4*l + 89. Does 8 divide l?
False
Suppose -29338 - 16526 = -9*f. Is 8 a factor of f?
True
Suppose 0 = -37*t - t. Suppose -28*f - 3*f + 7378 = t. Does 13 divide f?
False
Does 263 divide (-4860240)/792*(-24)/5?
True
Let w(p) = 2*p - 17. Let f be w(6). Let y(n) = n**3 + 6*n**2 + 5*n + 6. Let c be y(f). Is ((-4)/c)/((-12)/630) a multiple of 32?
False
Let u = -48 - -38. Is u/25 + (-754)/(-10) a multiple of 11?
False
Let g = 40597 - 36082. Is g a multiple of 23?
False
Let w(p) be the second derivative of p**5/20 + 17*p**4/12 + 19*p**3/6 - 3*p**2 - 3*p + 10. Is 16 a factor of w(-15)?
False
Suppose 4*c - 39006 = -18*c. Suppose 0 = 12*h - c - 1947. Does 18 divide h?
False
Let y be 2*7/(-28)*(-1 - -1). Suppose -2*k + y*k = -2736. Is 38 a factor of ((-1)/((-3)/10))/(24/k)?
True
Suppose 66*k = 56*k - 80. Does 43 divide k/12*-9 - -1112?
True
Let j(l) = l**3 - 4*l + 4. Let h be j(2). Suppose 57 - 41 = h*i. Suppose -236 - 113 = -3*s + 2*u, -2*s = -i*u - 230. Does 31 divide s?
False
Suppose -9*f + 23413 = 4*b, 34*f - 2*b = 31*f + 7801. Is f a multiple of 51?
True
Let v(f) = -4365*f + 115. Does 19 divide v(-4)?
True
Let j = -191 + 737. Is j a multiple of 3?
True
Let g be 2*3/12 - 7/(-2). Suppose -2*m = 5*q - 172, 28 = 2*m - g*q - 108. Is m a multiple of 8?
False
Let o(c) = -32*c + 1322. Is 5 a factor of o(11)?
True
Suppose 2*p + 2*x + 13 = 11, -10 = -5*p - 2*x. Suppose 0 = -i - 3*r + 34, -r - 15 = p*r. Is 4 a factor of i?
False
Suppose 4*j - 592 = 12*j. Let c = j + 53. Is c/21*1*-35 a multiple of 7?
True
Let v(f) = f**2 + 6*f + 21. Let g be v(-11). Let z = -84 + g. Is 14 a factor of (1 + (-66)/z)*(33 - 5)?
False
Suppose 4*u - 2*k - 578 = 0, -441 = -3*u + 2*k + 2*k. Let a = u + 98. Is 4 a factor of a?
False
Let l(s) = -131*s - 13. Let f be l(-2). Suppose 2*i - f = -81. Let y = i - -8. Does 28 divide y?
False
Let p(b) = -b - 4. Let z be p(7). Let t = z + 32. Suppose 17*h + 300 = t*h. Does 9 divide h?
False
Is 69 a factor of (-32)/((-18)/(14 - -7114))?
False
Let h(p) = -173 - 27*p + 5*p - 5*p - 12*p - 6*p. Is 3 a factor of h(-6)?
False
Let l(i) = 25*i + 21. Let a be l(13). Suppose -56 = -3*t + a. Is t a multiple of 60?
False
Suppose -3*v + j - 701 = -2*v, 3*v - 4*j = -2104. Let h = -424 - v. Does 23 divide h?
True
Let o be (-1)/(-4) - 3/12. Let x(q) = 2*q. Let s be x(o). Suppose 0 = 3*k - s*k - 144. Is 16 a factor of k?
True
Is 2/((-4)/(-36582)*7) a multiple of 67?
True
Suppose 11*u - 7*u - 2958 = u. Is 5 a factor of u?
False
Let g(m) = 598*m**2 - 13*m - 94. Is 12 a factor of g(-5)?
False
Does 16 divide 3/(60/16)*(1 + 4) + 1292?
True
Let g be (-8 - -3)*(3 + -5). Is 5*(-4)/g - 1010/(-1) a multiple of 21?
True
Suppose -4*f + 1043 = 3*p, f + 156 = 3*p - 877. Let y = -172 + p. Does 13 divide y?
False
Suppose 90*c = -61*c + 25*c + 1424304. Is c a multiple of 9?
True
Is ((-10)/(-15))/((-10)/(-763620)) a multiple of 12?
False
Let i(z) = 2 - 3 + 13*z**3 - 7360*z**2 - 2*z + 7359*z**2. Let h be (-1)/6 + (-52)/(-24). Is 7 a factor of i(h)?
False
Let t(w) be the second derivative of 0 - 3*w + 5*w**2 - 1/2*w**3 + w**4. Is 14 a factor of t(3)?
False
Let f be 321 + 0 + 1 + 8. Let g = f - 305. Is g a multiple of 9?
False
Let k(d) = 98*d + 3024. Is k(-12) a multiple of 4?
True
Let j = 1114 - 1675. Let x = -158 - j. Is x a multiple of 13?
True
Let p(x) be the first derivative of x**4/4 - 28*x**3/3 + 53*x**2/2 - 31*x - 33. Let a be p(26). Does 40 divide 802/10 + 0 + 1/a?
True
Let t be 2 + 2 + -1 - (-1 + -1). Suppose -1 = 2*a - t. Suppose -y = -4*y - f + 517, -a*y - f = -346. Is y a multiple of 21?
False
Let i = 153 + -157. Is 45 a factor of 134 - 1 - (-3)/((-6)/i)?
True
Let y = 269 - 207. Let m = 227 - y. Is m a multiple of 11?
True
Let m(y) = y**2 + 13*y - 7. Let v be m(-10). Let w(a) = -20*a + 15. Let z be w(2). Let h = z - v. Is 10 a factor of h?
False
Let l = 21974 + -13379. Is 7 a factor of l?
False
Let h(c) = -c**3 + c**2 + 4*c + 3. Let w be h(-2). Let d be (174*(-3)/21)/((-1)/w). Let n = d + -84. Is n a multiple of 15?
True
Is (3 + -8 - 6)/(-3 + (-3908)/(-1304)) a multiple of 210?
False
Suppose -29*c + 25842 = -21*c - 3966. Is 18 a factor of c?
True
Suppose -f - 7126 = -2*b, -3348 = 5*b + 5*f - 21223. Is b a multiple of 29?
True
Let s(b) = 4*b - 6. Let c(y) = y**2 + 2*y - 12. Let a be c(-5). Let d be s(a). Is 3 a factor of 3/(-12)*d*-2?
True
Suppose 33 = 4*n + 3*k, -3*k + 21 = 21*n - 19*n. Suppose n*q = 10*q - 2616. Does 40 divide q?
False
Suppose -3*a = 4*a + 84. Let j be 3/9 + (-8)/a. Is ((-1)/(-1))/(j - 26/28) a multiple of 5?
False
Let l = 18 - 13. Suppose 0 = t + 3*d - 19 + 2, -3*t + l*d = 19. Suppose -t*b + 95 - 3 = 0. Is b a multiple of 23?
True
Let p be 70/9 + -2 + 38/171. Suppose p*u - 109 = 5*u. Suppose u + 31 = 10*r. Does 13 divide r?
False
Let a be (-361 + -13 - -4)/((-2)/13). Does 16 divide (a/26)/((-5)/(-10))?
False
Let s(v) = -172 + 355 + 2*v - 171. Is s(13) a multiple of 38?
True
Let r = 930 + -1586. Let w = -352 - r. Does 32 divide w?
False
Let s(v) = 2*v**2 + 32*v + 6. Let a be s(-22). Suppose -7*d - 3*d - a = 0. Let b = -20 - d. Is 2 a factor of b?
False
Suppose -5*n = -5*z + 30, -2*n + 0*z - 3*z = -13. Is 25 a factor of 250*5/(4 - n)?
True
Suppose -293999 = -110*f + 586221. Is f a multiple of 9?
False
Let i = 99 + 815. Let j = i + -782. Is j a multiple of 33?
True
Let t(w) be the third derivative of -w**6/120 - 13*w**5/60 - w**4/3 + 43*w**3/6 + 11*w**2 - 7. Does 29 divide t(-13)?
False
Let m(r) = r**3 + 8*r**2 + 15*r + 4. Let q be m(-4). Is 5/2*(180 - -6 - q) a multiple of 14?
False
Let u be 2/15 + 32/(-120)*23. Let b(o) = -o**3 + 2*o**2 + 16*o + 14. Does 38 divide b(u)?
False
Let f = -155 + -37. Let g = f + 340. Does 45 divide g?
False
Let a(m) = -1080*m - 1272. Is a(-11) a multiple of 12?
True
Le